or of 50406 and 1084?
542
Calculate the highest common divisor of 7678 and 242.
22
Calculate the greatest common factor of 3320 and 27240.
40
What is the greatest common divisor of 19 and 841111?
19
Calculate the highest common divisor of 6175 and 1000.
25
Calculate the greatest common divisor of 5944 and 729626.
1486
What is the greatest common divisor of 57 and 288173?
19
Calculate the highest common divisor of 52 and 2980.
4
Calculate the highest common factor of 321657 and 153.
51
What is the greatest common divisor of 533 and 1937?
13
What is the highest common factor of 32953 and 31?
31
Calculate the highest common divisor of 7291827 and 9.
9
What is the highest common factor of 2008 and 2125468?
1004
What is the highest common divisor of 1557 and 108?
9
Calculate the highest common divisor of 13220 and 400.
20
Calculate the greatest common factor of 19737 and 4131.
459
Calculate the highest common divisor of 12 and 40686.
6
What is the highest common divisor of 105 and 4231479?
21
Calculate the highest common factor of 62062 and 6448.
806
What is the greatest common factor of 144060 and 408?
12
Calculate the highest common divisor of 1379710 and 562.
562
Calculate the highest common factor of 1822664 and 1752.
584
Calculate the highest common factor of 205 and 3800.
5
Calculate the highest common divisor of 1175 and 234295.
235
Calculate the greatest common divisor of 30836 and 572.
52
What is the greatest common factor of 120 and 16107240?
120
What is the greatest common factor of 22748 and 188?
188
Calculate the highest common divisor of 78 and 116910.
6
What is the highest common divisor of 127508 and 508?
508
What is the greatest common factor of 22400 and 10880?
640
What is the greatest common factor of 84928 and 8?
8
Calculate the highest common factor of 1246097 and 473.
43
Calculate the greatest common factor of 8 and 4215448.
8
Calculate the highest common divisor of 10060567 and 11.
11
Calculate the highest common factor of 9576 and 19817.
133
What is the highest common factor of 26992 and 51856?
112
What is the highest common factor of 10098 and 702?
54
What is the highest common divisor of 3030 and 356631?
303
Calculate the highest common factor of 112 and 924700.
28
What is the greatest common factor of 3480 and 9164?
116
Calculate the highest common divisor of 7200 and 10128.
48
Calculate the highest common divisor of 775353 and 17595.
1173
Calculate the highest common factor of 10730 and 13340.
290
What is the highest common divisor of 204 and 3238296?
204
Calculate the highest common divisor of 55145 and 123.
41
What is the greatest common divisor of 91 and 11323?
13
What is the highest common factor of 119328 and 1695?
339
Calculate the greatest common divisor of 100 and 572450.
50
Calculate the highest common divisor of 22 and 214819.
11
Calculate the greatest common divisor of 1312 and 344.
8
Calculate the greatest common divisor of 9 and 972756.
9
What is the highest common factor of 20624 and 6?
2
What is the greatest common factor of 6 and 776082?
6
What is the greatest common divisor of 95 and 599545?
95
What is the highest common factor of 95 and 5755?
5
What is the greatest common factor of 133 and 1219420?
19
What is the greatest common divisor of 930 and 510?
30
What is the greatest common factor of 13772 and 1826?
22
What is the greatest common factor of 134702 and 94?
94
Calculate the greatest common divisor of 716391 and 1014.
507
What is the greatest common divisor of 522 and 26506?
58
Calculate the greatest common factor of 10 and 27325.
5
Calculate the greatest common divisor of 62325 and 305808.
831
Calculate the highest common divisor of 1085271 and 22.
11
Calculate the greatest common divisor of 502 and 3010996.
502
Calculate the greatest common divisor of 5910 and 41250.
30
What is the highest common divisor of 924 and 6369?
33
Calculate the highest common divisor of 247 and 11971843.
247
Calculate the highest common factor of 330374 and 66.
22
What is the greatest common factor of 37 and 52281?
37
Calculate the greatest common factor of 100980 and 306.
306
Calculate the greatest common divisor of 40 and 44180.
20
Calculate the greatest common divisor of 18 and 64899.
9
Calculate the highest common divisor of 49300 and 4505.
85
Calculate the highest common divisor of 1391128 and 40.
8
What is the highest common factor of 3241 and 11575?
463
What is the greatest common factor of 11715 and 21120?
165
What is the highest common divisor of 20 and 348980?
20
What is the highest common divisor of 6568 and 1564826?
1642
Calculate the highest common factor of 252 and 834148.
28
Calculate the highest common divisor of 320 and 24280.
40
What is the greatest common factor of 3472 and 6832?
112
Calculate the highest common factor of 8127 and 24003.
189
What is the greatest common divisor of 11736 and 21353?
163
Calculate the greatest common factor of 11352 and 14289.
33
Calculate the highest common factor of 56 and 3535.
7
Calculate the greatest common divisor of 191947 and 357.
119
What is the greatest common factor of 11729 and 6023?
317
Calculate the highest common factor of 13944 and 26292.
84
Calculate the highest common factor of 62 and 8835.
31
Calculate the highest common factor of 1822 and 14.
2
Calculate the greatest common factor of 357 and 12733.
119
What is the highest common divisor of 2070 and 20?
10
What is the highest common divisor of 18 and 32202?
18
Calculate the highest common factor of 450 and 3342.
6
What is the greatest common divisor of 14 and 13993?
7
Calculate the greatest common divisor of 148 and 166.
2
Calculate the highest common factor of 9153 and 452.
113
Calculate the highest common factor of 105586 and 124.
62
Calculate the highest common divisor of 15080 and 5785.
65
Calculate the greatest common factor of 648 and 165618.
54
Calculate the highest common divisor of 95880 and 323.
17
What is the highest common factor of 271 and 1210015?
271
What is the greatest common divisor of 69 and 32959?
23
Calculate the highest common factor of 195 and 27315.
15
Calculate the highest common factor of 6 and 277674.
6
Calculate the highest common factor of 32 and 196192.
32
What is the greatest common divisor of 61988 and 4?
4
What is the highest common factor of 4 and 149664?
4
What is the greatest common factor of 1470 and 136570?
70
Calculate the greatest common divisor of 946 and 59942.
86
What is the greatest common divisor of 13884 and 1513?
89
What is the highest common factor of 28413 and 189?
63
Calculate the greatest common factor of 18 and 20259.
9
Calculate the highest common divisor of 2224560 and 775.
155
What is the greatest common divisor of 33291 and 270?
27
What is the greatest common divisor of 1 and 34178?
1
Calculate the highest common divisor of 38625 and 39552.
309
Calculate the highest common factor of 318 and 1130384.
106
What is the greatest common factor of 26230 and 2107?
43
Calculate the greatest common factor of 16169087 and 61.
61
Calculate the highest common divisor of 3956 and 12926.
46
What is the highest common divisor of 1088 and 17208?
8
Calculate the greatest common factor of 28 and 9723.
7
What is the greatest common divisor of 4450 and 18334?
178
Calculate the greatest common divisor of 189417 and 412.
103
What is the greatest common factor of 57 and 4734?
3
Calculate the highest common factor of 93 and 123225.
93
Calculate the highest common divisor of 749 and 67731.
107
Calculate the greatest common factor of 40833 and 117.
117
What is the highest common divisor of 64029 and 259?
7
Calculate the greatest common divisor of 1284 and 24.
12
What is the highest common divisor of 4 and 34944?
4
Calculate the greatest common factor of 57708 and 2124.
36
Calculate the greatest common factor of 436 and 1197692.
436
What is the highest common factor of 10480 and 130?
10
Calculate the highest common divisor of 219162 and 4.
2
Calculate the greatest common factor of 199420 and 48085.
295
What is the greatest common divisor of 664 and 7055?
83
Calculate the greatest common factor of 20213 and 328.
41
Calculate the highest common factor of 41768 and 1104.
184
What is the greatest common divisor of 7810 and 23320?
110
Calculate the greatest common factor of 5